11*b**2 - 27*b - 20. Let h be q(-8). What is the greatest common divisor of h and f?
4
Let q be 106 - -4*9/36. What is the highest common divisor of 1712 and q?
107
Let c(t) = 6*t + 2. Let g be c(9). Calculate the greatest common factor of g and 112.
56
Let a = -7 + 5. Let p be 3*2/(-4)*a. Let i(j) = 9*j + 1. Let y be i(p). Calculate the greatest common divisor of y and 42.
14
Suppose 5*w - d - 48 - 26 = 0, 0 = 4*d + 16. Suppose -6*t = -t + 2*y - w, -3 = y. Calculate the highest common divisor of t and 4.
4
Let p(i) = 9*i + 179. Let h be p(-5). Calculate the highest common factor of h and 2546.
134
Suppose -12 = -6*x + 12. Let a be -12*((-41)/x - -2). Suppose -2*s = 5*z + s - 43, 3*z = 2*s + 41. Calculate the greatest common factor of z and a.
11
Let j be 2/((2/5)/((-198)/(-10))). Calculate the greatest common divisor of j and 363.
33
Suppose -70 + 126 = 4*j. Let b be (-6)/21 - (-1990)/7. Suppose -2*m = j - b. Calculate the greatest common divisor of m and 15.
15
Suppose 63 = 3*w - 3*s, 4*w = 8*w + 3*s - 84. What is the greatest common divisor of w and 6?
3
Suppose -9*s + 86 = -202. Let d(p) = -239*p + 1. Let r be d(-1). Suppose 3*v - r = -2*v. What is the highest common divisor of s and v?
16
Suppose o - 271 = 6*q - q, q + 1451 = 5*o. Suppose -y + 85 = 5*i, -4*i + o = 4*y + 15. Suppose -35 = -3*l + 4. What is the greatest common factor of y and l?
13
Let n = 124 - -194. What is the highest common factor of n and 12?
6
Suppose -19 = -l + 17. Suppose -3*f + f - l = 0. Let r be (-2108)/(-153) - 4/f. What is the highest common factor of r and 98?
14
Suppose 323 + 52 = 3*u. Calculate the greatest common factor of 25 and u.
25
Let q(k) = -k**2 + 9*k + 2. Let v be q(6). Suppose 5*t = t + v. Let s = t + 2. Calculate the greatest common divisor of 21 and s.
7
Suppose -3*v = 4*v + 77. Let q = v - -110. Suppose 2*k + 3*x - 9 = -0*x, -3*k + 30 = -x. Calculate the greatest common divisor of q and k.
9
Let n(g) = -3*g**3 - 3*g**2 + 3*g. Let y be n(2). Let w be (9/5 + -1)/((-1)/y). Suppose -41 = -3*s + 31. What is the greatest common divisor of s and w?
24
Suppose -3*j + 19 = -4*r, -16 = -0*r + 4*r. Let q(a) = 3*a. Let u be q(j). Suppose -u*d + 112 = d. Calculate the highest common divisor of d and 14.
14
Suppose 61 = 2*d - 27. Suppose -2*r + r + d = 0. Calculate the highest common factor of 484 and r.
44
Suppose -2*l + 69 = 5*h, 6*h - 5*l = 2*h + 42. Let f = -5 + 4. Let r be (-3 - -1) + (53 - f). Calculate the highest common factor of r and h.
13
Suppose 0 = 3*v + 3*l - 114, 5*v + l = 68 + 106. What is the greatest common factor of v and 85?
17
Suppose -6*f + 5*f = -55. What is the greatest common factor of 165 and f?
55
Let r be ((-51)/4)/((-2)/(-16)). Let f be r/(-4)*2/3. Suppose 0 = -4*s - 0*s + 272. What is the greatest common factor of f and s?
17
Let k = 14 - 10. Suppose -9*i + k*i = 120. Let z be 3*(-68)/i*2. Calculate the highest common factor of z and 51.
17
Let q = 204 + -154. What is the highest common factor of 20 and q?
10
Suppose 5*j + 6 = 7*j. Let w be ((-30)/(-9) + -1)*j. Suppose -3*i - 68 = -w*i. What is the highest common divisor of i and 17?
17
Let w = 678 - 558. What is the greatest common factor of w and 200?
40
Suppose 0 = 2*p + 5*p - 21. Suppose 6*s = s + 5, 0 = -2*x + 2*s. Suppose 5*k - 4 = x. What is the highest common divisor of p and k?
1
Suppose -3*g = 107 + 37. Let f be 18/(-4)*g/(-36). Let l be 26/(-39) + (-52)/f. Calculate the greatest common factor of 48 and l.
8
Suppose -729*r - 175 = -736*r. What is the greatest common factor of 15 and r?
5
Let g(a) = 5*a**2 - 6*a - 5. Let k be g(-4). Suppose -6*v = 4*v - 220. What is the highest common factor of v and k?
11
Suppose 0 = 11*g - 8*g - 15. Suppose 11 = f - g*t, 6*t = t + 5. Suppose 0 = 3*x + 5*n - 6*n - 530, 0 = 4*n + 8. Calculate the highest common divisor of f and x.
16
Suppose 2*a + 2*a = 5*d - 31, d = -5*a - 17. Suppose -2*s + 13 + d = 0. Suppose -4*u = -s, -o = -0*u - 3*u + 5. What is the greatest common factor of o and 9?
1
Suppose -6*m - 418 = -1810. Calculate the highest common factor of 8 and m.
8
Suppose 3*u + 1 = -20. Let r = u + 26. Suppose 0 = 4*b + 2*w - 460 + 78, 2*w - 2 = 0. Calculate the highest common factor of r and b.
19
Suppose -4245 = -6*g + g - 5*h, 2*g - 1703 = 3*h. Suppose 2*z - g = -5*f + z, 0 = 5*f - 4*z - 875. What is the highest common divisor of f and 9?
9
Let c = 20 - 2. Let z be c/6 + 5 + -2. Let g be 93 + (3 - z - -2). What is the highest common divisor of 23 and g?
23
Let v be (7 - (-6)/(-3))*(-128)/(-40). Let k(d) = -d + 48. Let f be 8/44 + 4/(-22). Let l be k(f). Calculate the greatest common divisor of l and v.
16
Let s(w) = -w**3 + w**2 - 2*w. Let v be s(0). Suppose v = 3*i - 1 - 95. Let r be -1 + (-1)/((-2)/i). Calculate the highest common divisor of 75 and r.
15
Let t be (1*4)/((-1)/(-7)). Suppose -454 - 6 = -115*a. Calculate the highest common factor of t and a.
4
Let t be 121/3 + 8/(-24). Let r(o) = -48 + 48 - t*o**3. Let c be r(-1). Calculate the highest common factor of c and 5.
5
Let b be 6*(0/4 - 1). Let d be (-4)/6*(b - -3). Let o = 124 + d. What is the highest common factor of 14 and o?
14
Suppose -4*q - 45 = -5. Let b = q - 0. Let k be 10 + 7/((-35)/b). What is the highest common divisor of 36 and k?
12
Let t(k) = -3*k**2 + 53*k - 12. Let j be t(17). What is the greatest common factor of j and 77?
11
Suppose 9 + 71 = 4*g. What is the highest common factor of 180 and g?
20
Suppose 0 = 20*o - 210 - 150. Calculate the highest common divisor of o and 342.
18
Let q(h) = -h**3 - h**2 - 3*h - 7. Let s be q(-3). What is the greatest common factor of s and 125?
5
Let x = 144 - 118. What is the highest common factor of 143 and x?
13
Let r(x) = -8*x + 72. Let k be r(6). Calculate the greatest common divisor of k and 588.
12
Let i(y) = -14*y - 10. Let s be i(-5). Let t(l) = -21*l - 18. Let d be t(-2). Calculate the highest common divisor of s and d.
12
Let o(d) = 2*d + 4*d**2 - 7*d - 2*d + 2 + d**3. Let j be o(-5). Calculate the highest common factor of 96 and j.
12
Let y be 17/2*(1 + 3). Suppose v - 218 = 5*r, 0 = 3*v - 8*r + 3*r - 694. Calculate the highest common factor of v and y.
34
Let u = 630 - 573. What is the greatest common factor of 399 and u?
57
Suppose -4*x + 224 = 200. What is the greatest common divisor of 87 and x?
3
Suppose 1345 = 39*b - 8951. Calculate the highest common factor of 176 and b.
88
Let u be 25*4/24*6. What is the highest common factor of u and 10?
5
Suppose -61 = -5*y - 16. Suppose -y = -k - 3. Calculate the greatest common factor of 42 and k.
6
Let y(i) = i**3 + 7*i**2 - 5*i - 11. Suppose 0 = -6*k - 42 - 0. Let o be y(k). Calculate the greatest common divisor of 16 and o.
8
Let l be (-3)/(2/(-4) + -1). Let i be (l/6)/(2/72). Calculate the greatest common factor of 96 and i.
12
Suppose -u - 18 = -d + 11, 4*d + 5*u - 125 = 0. Calculate the highest common factor of d and 186.
6
Let t = 20 - 20. Let z(h) = h + 13. Let c be z(t). Suppose 2*k = -0*y - 4*y + 96, -y + 30 = -k. Calculate the highest common divisor of c and y.
13
Suppose 4*w = 2*w - 5*a + 49, -4*a = 4*w - 68. Suppose -2*q - 36*c + 33*c = 18, q + 4*c = -29. What is the highest common divisor of q and w?
3
Let y = -8285 - -5569. Let f be y/(-49) + (-6)/14. Calculate the greatest common factor of 11 and f.
11
Let d be (2*12/(-20))/((-2)/5). Suppose 4 + 11 = 3*t. Suppose -13 - 17 = -2*o + 3*q, 5*o - t*q = 75. Calculate the greatest common divisor of d and o.
3
Let x be ((-2244)/(-55))/(5 + 291/(-60)). What is the highest common divisor of 80 and x?
16
Suppose -3*x + 3*r = -132, 0 = 3*r - 6*r + 12. Calculate the greatest common factor of x and 216.
24
Let j(q) = q**3 + 10*q**2 + 7*q + 3. Let x be j(-6). Let c = -496 + 517. Calculate the greatest common divisor of x and c.
21
Let k = 11 - 9. Suppose -k*r + 10 = 3*r. Suppose 2*a = 10, -r*x = 2*x - a - 187. Calculate the greatest common divisor of x and 8.
8
Let r(c) = 75*c + 13. Let v be r(1). What is the greatest common divisor of 484 and v?
44
Let c(p) = 167*p - 524. Let i be c(4). What is the highest common divisor of 63 and i?
9
Let b be (4/(220/99))/(2/40). Calculate the highest common factor of 18 and b.
18
Let n be (-4 - (-2 + -1))*(-5 - -7). Let c(d) = -6*d**3 - 2*d**2 - 3*d - 2. Let o be c(n). 